base 5) to base 15
-11b662
-cf73 (base 16) to base 6
-1045511
Convert 4324001 (base 5) to base 11.
50353
-3aa03 (base 12) to base 4
-103300203
What is -100100101000110 (base 2) in base 13?
-86cc
What is -4703242 (base 8) in base 6?
-43232150
What is 5707124 (base 9) in base 3?
12210021010211
Convert -102a73 (base 13) to base 3.
-201011210102
What is -112202211012110 (base 3) in base 10?
-7850019
What is ab09b (base 12) in base 4?
313102313
Convert -100001000100001101100 (base 2) to base 8.
-4104154
-11dd3 (base 16) to base 11
-4aa7a
91481 (base 11) to base 14
36a01
What is -32233131 (base 4) in base 6?
-1143313
-122024110 (base 5) to base 16
-8d941
Convert -3555213 (base 6) to base 10.
-186489
What is -423410 (base 11) in base 4?
-2211201112
Convert 10c087 (base 14) to base 10.
570871
-381a8b (base 12) to base 3
-1201112001022
Convert 2022121022211 (base 3) to base 5.
303412443
What is 21020 (base 10) in base 7?
115166
Convert 550104 (base 6) to base 7.
246235
What is -101101101001101111000 (base 2) in base 12?
-601848
-20002110000 (base 3) to base 15
-257c0
Convert 90604 (base 11) to base 9.
221671
What is -19456 (base 15) in base 3?
-11011110100
What is 11000011111000101011 (base 2) in base 16?
c3e2b
-120120120 (base 4) to base 15
-1e8c9
-35272 (base 15) to base 14
-459b5
Convert -ba4a3 (base 13) to base 3.
-122010012122
Convert -6502246 (base 7) to base 12.
-321737
What is -1060106 (base 10) in base 13?
-2b16a8
Convert 4010581 (base 9) to base 5.
1021222203
371776 (base 8) to base 11
88192
What is -3677091 (base 10) in base 2?
-1110000001101110100011
Convert 3676a (base 16) to base 11.
142672
What is 1410635 (base 12) in base 2?
1111010001010010001001
What is -15562063 (base 7) in base 9?
-2752574
Convert -1060114 (base 9) to base 12.
-236471
Convert -112211021010 (base 3) to base 8.
-1071720
Convert 87070 (base 9) to base 3.
2221002100
-34064 (base 13) to base 10
-94553
Convert 20622 (base 9) to base 11.
a26a
2e466b (base 16) to base 5
1234021213
-100213550 (base 6) to base 11
-a5a250
Convert 1203112213 (base 5) to base 9.
5214646
Convert 16355245 (base 10) to base 5.
13141331440
da3a8 (base 15) to base 16
a91e4
What is 5665288 (base 9) in base 2?
1011101001110010100000
Convert 266ab (base 12) to base 15.
109c5
Convert 1022121110210 (base 3) to base 11.
439675
101000100101101000110000 (base 2) to base 15
e02880
132311233 (base 5) to base 11
415788
What is -3302554 (base 9) in base 14?
-3423c2
What is b331 (base 14) in base 9?
46238
What is -bb1b (base 16) in base 8?
-135433
Convert -601a13 (base 12) to base 13.
-405015
What is 247f61 (base 16) in base 10?
2391905
Convert -221021010002 (base 3) to base 5.
-111403021
What is 593356 (base 10) in base 12?
247464
What is -321133204 (base 5) in base 10?
-1349179
4115532 (base 6) to base 3
101000012102
What is -22312311 (base 4) in base 16?
-adb5
Convert -337025 (base 8) to base 11.
-78886
27c11c (base 13) to base 3
1211020022112
What is 210042044 (base 6) in base 4?
31321312030
Convert -11111110010110110110100 (base 2) to base 5.
-4113203042
What is -111001111110000001011 (base 2) in base 14?
-37636b
Convert 1012330 (base 10) to base 7.
11414254
Convert -3554a4 (base 14) to base 7.
-21320464
Convert 645835 (base 11) to base 15.
155e06
Convert 1021141 (base 7) to base 16.
1dff8
Convert 24e48 (base 16) to base 11.
a3595
-6ca2 (base 16) to base 14
-a1c6
Convert 21112001101 (base 3) to base 11.
a1238
What is 209c0 (base 13) in base 15?
1264e
Convert 1101001010011101010 (base 2) to base 8.
1512352
What is 2020403143 (base 5) in base 14?
7812d9
1121121120 (base 3) to base 13
11619
-1100101001010111110010 (base 2) to base 5
-1322041221
Convert ba21b (base 12) to base 4.
323332313
Convert -120011212010 (base 3) to base 2.
-1001000111100100001
Convert 76a7900 (base 11) to base 2.
110011100101110001010001
Convert 131552216 (base 7) to base 16.
80ef7c
41420415 (base 6) to base 16
12507b
What is -554104 (base 6) in base 13?
-1809a
What is 119b807 (base 12) in base 9?
6424887
Convert -32120110 (base 5) to base 3.
-111201102010
Convert -133231030 (base 4) to base 8.
-375514
Convert -2258a (base 14) to base 12.
-4033a
9480 (base 13) to base 16
5049
What is -67d3 (base 16) in base 10?
-26579
What is -1777877 (base 9) in base 8?
-3632264
What is 30051020 (base 6) in base 16?
ceab4
12043423 (base 5) to base 8
333353
Convert -1062034 (base 8) to base 7.
-2305662
What is 11000111110000001 (base 2) in base 10?
102273
-2caa1b (base 16) to base 13
-7b643c
ab15 (base 16) to base 4
22230111
Convert -2102202120010 (base 3) to base 16.
-13c02f
What is -338c5 (base 13) in base 14?
-26271
What is 90ee92 (base 15) in base 6?
403322332
-1133432 (base 6) to base 9
-100102
24b3c0 (base 14) to base 3
2101000202000
Convert -403212 (base 9) to base 15.
-4aa3b
What is -27104215 (base 8) in base 5?
-3023024034
Convert -100100010001000010 (base 2) to base 12.
-71b6a
Convert -232033010 (base 4) to base 11.
-11a314
34323 (base 10) to base 14
c719
-1ddac25 (base 14) to base 10
-15050481
What is -3858628 (base 9) in base 10?
-2105864
What is -5b7065 (base 13) in base 4?
-20111231302
What is -2131100 (base 6) in base 4?
-121230030
Convert -2101130300 (base 4) to base 10.
-595760
What is 3432355 (base 6) in base 2?
101010110110101111
Convert -11124212 (base 7) to base 10.
-964280
Convert -51b77 (base 12) to base 3.
-12102220001
What is -2322526 (base 7) in base 12?
-120814
What is 3339411 (base 12) in base 16?
95460d
-32320033 (base 5) to base 9
-460864
13154771 (base 8) to base 10
2939385
What is 2dabba (base 15) in base 13?
5c653c
What is 683585 (base 10) in base 15?
d7825
-100111011001100000 (base 2) to base 15
-32c36
460236 (base 8) to base 3
21220201121
What is 17358 (base 13) in base 14?
12320
-c7c63 (base 14) to base 2
-1110101110101001111
-176263 (base 9) to base 3
-12120022010
Convert -bba555 (base 14) to base 2.
-11000010010011110011111
What is 3554366 (base 7) in base 12?
1988a2
What is -1323452 (base 6) in base 2?
-10001111010111000
-771430 (base 8) to base 15
-51a60
-30295 (base 10) to base 12
-15647
100110110011110101000100 (base 2) to base 8
46636504
Convert -2211010110111 (base 3) to base 16.
-16dd40
Convert 111001000110101100000011 (base 2) to base 4.
321012230003
What is -100342323 (base 6) in base 16?
-1a128b
Convert -118888 (base 10) to base 12.
-58974
What is -220111211101 (base 3) in base 9?
-814741
Convert 120067 (base 12) to base 9.
482287
What is b703 (base 16) in base 7?
253410
What is 1222222203 (base 4) in base 11?
279281
7ca8c3 (base 13) to base 14
5728c8
What is 301222021 (base 4) in base 6?
4205401
Convert -3493007 (base 10) to base 11.
-1a76391
Convert 113201223320 (base 4) to base 15.
81c528
-141116 (base 7) to base 5
-1324231
-6a97b3 (base 14) to base 5
-1412343304
b1774 (base 16) to base 13
1c5b25
Convert -c9621 (base 14) to base 15.
-993e8
What is -2431402 (base 10) in base 15?
-330637
163970 (base 10) to base 15
338b5
1226511 (base 8) to base 5
41324043
What is 21163004 (base 7) in base 11?
101810a
Convert -75285 (base 10) to base 8.
-223025
Convert 236884 (base 9) to base 4.
202320133
What is -1377ac4 (base 13) in base 10?
-6157844
Convert -2010200202021 (base 3) to base 8.
-4251760
Convert -122641 (base 9) to base 4.
-102012220
What is 800724 (base 9) in base 11?
2a33a3
140670a (base 11) to base 8
11177440
Convert -23a8b (base 12) to base 13.
-18c2c
761443 (base 14) to base 9
7464347
Convert -31897 (base 15) to base 7.
-1223200
Convert 129ed6d (base 15) to base 8.
63131556
What is 6422650 (base 8) in base 6?
100421120
Convert 4960a9 (base 15) to base 12.
1215366
-122001022121112 (base 3) to base 14
-12bbcb8
What is b6bc5 (base 13) in base 9?
551730
What is -b2762 (base 13) in base 5?
-40213303
Convert 4736687 (base 9) to base 4.
21301322101
What is -1001441442 (base 5) in base 6?
-110305101
Convert -1364426 (base 7) to base 12.
-8a628
What is 32a945 (base 12) in base 14?
16dd41
Convert 216243221 (base 7) to base 3.
220122201111002
-4251281 (base 10) to base 4
-100031322101
-1a26 (base 11) to base 5
-40234
What is 546a (base 14) in base 4?
3210012
Convert 7587c3 (base 13) to base 15.
398019
Convert 1269252 (base 12) to base 2.
1101110100110000011110
Convert -451267 (base 9) to base 7.
-2203015
Wha